(f) = -1786*f**3 - 9*f**2 + 15*f + 165. Is w(-6) a composite number?
True
Let d(g) = -g + 6. Let k be d(3). Suppose -8826 = -k*l - 0*l. Suppose -2*h - 4*u + l = 0, -5*u - 4610 = -5*h + 2700. Is h a prime number?
False
Let g be ((-52)/(-65))/((-4)/(-10)). Suppose 5*i - 3*i = -j + 839, -g*j + 4*i + 1678 = 0. Is j composite?
False
Let i(s) = 63*s + 21. Let y be i(-4). Let v be (y/9)/(17/(-18) - -1). Let p = 1129 + v. Is p prime?
False
Let h(g) = -3*g**2 + 31*g - 8. Let n be h(30). Let f = -1083 - n. Is f a composite number?
True
Let n = 12096 + 14941. Is n composite?
True
Let t(w) = -w**3 + 58*w**2 - 5*w + 185. Is t(54) a composite number?
False
Let j be -1*10/45 - (-760)/18. Suppose 35*l - j*l + 10745 = 0. Is l a composite number?
True
Let s = 26 + -74. Let p = s - -43. Let x(y) = -5*y - 6. Is x(p) composite?
False
Let x(o) = o**3 + 22*o**2 - 24*o - 18. Let i be x(-23). Suppose -2*m - 3*t + 45 = 0, 0 = -4*m + i*m - 2*t - 5. Suppose 19*v = m*v + 948. Is v composite?
True
Suppose 51*j - 43*j - 40 = 0. Let i(t) = 4*t**3 + t**2 + 13 - 3*t**3 - 5*t + t**3. Is i(j) a composite number?
False
Suppose 208*k + 1150350 = 238*k. Is k composite?
True
Suppose 0 = 3*h - 9, -439 = -y - 2*h + 31. Suppose -9*v = -y - 1255. Is v a composite number?
False
Suppose 10*b = -34 - 66. Is (3585/b)/(6/(-68)) a composite number?
True
Let g = 477 + -482. Is 5 - ((-9214 - 3) + g) prime?
True
Let i(p) = 3*p**3 + 24*p**2 - 33*p + 25. Suppose -3*a + 42 = 3*t, -3*a + a + 18 = t. Is i(t) composite?
True
Let a(b) = b**3 - 6*b**2 - 3*b + 23. Let v be a(6). Suppose -5*u - v*m + 2*m + 48080 = 0, 4*u - 4*m = 38432. Is u composite?
False
Let q(j) = 14521*j + 3049. Is q(4) composite?
True
Let t(k) = k**2 + 12*k + 52. Let u be t(-5). Suppose -12*v + u*v + f = 167991, -5*v + 167999 = -f. Is v a composite number?
False
Let x be (-1463)/(-22) + (-9)/6. Suppose -x*v = -73*v + 14776. Is v composite?
False
Suppose -x + 3*d + 20 = 8, -3*d - 3 = 0. Let z(c) = 6*c**3 + 11*c**2 - 16*c + 20. Is z(x) a prime number?
False
Let b(z) = z**2 - 5*z - 61. Let t be b(-6). Is 34647/6*(t + -3) prime?
True
Let o(r) = 1. Let w(t) = 301*t + 20. Let b(y) = -5*o(y) + w(y). Let j be (-9)/(-21) + (-100)/(-28). Is b(j) a composite number?
True
Suppose 189327 + 607783 = 10*a. Is a a composite number?
True
Let n = 4345 + 3183. Let q = n + -4877. Is q prime?
False
Suppose -v = 5*n - 6*n + 34, -n + 2*v + 33 = 0. Let d be 21/n - (-48756)/15. Suppose -d = -3*j - 5*w, -j = -5*w - 161 - 936. Is j a prime number?
True
Suppose a - 3 = 0, 3097 = d - 7*a + 6*a. Is d + (-4)/2*6/4 prime?
False
Let g = 6476 + -2764. Suppose g + 3052 = 4*h. Is h prime?
False
Let d(w) = -194*w**2 - 12*w + 18. Let p(j) = j + 1. Let q(v) = -d(v) - p(v). Let n be q(5). Suppose 742 = 12*m - n. Is m a composite number?
True
Let t = -76 - -74. Is t/(-11) - 1049283/(-99) prime?
False
Suppose -26 = 2*d - 4*a, 0 = d - 3*a + 6*a - 7. Let y be ((-14)/6)/(3/(-4 + d)). Suppose -4*p = -y*p + 105. Is p a composite number?
True
Suppose -5*y = 3*o - 110, -5*y + 22 = o - 8. Let h(d) = 172*d - 39. Is h(o) a composite number?
False
Let c(z) be the second derivative of 1111*z**3/6 + 2*z**2 + 8*z - 1. Is c(1) a composite number?
True
Let h(f) be the first derivative of f**4/4 + 11*f**3/3 - 13*f**2/2 + 11*f - 12. Let i be h(-12). Is i/(-69)*(-291 + 0) a composite number?
False
Let w(y) = 36*y**2 + y + 2. Let m be w(-1). Suppose -28*b + m*b = 17757. Is b composite?
False
Let i = -110 + 119. Let l(w) = 62*w**2 - 6*w + 11. Is l(i) prime?
False
Let w = 1225 + -728. Let c = 804 - w. Suppose 5*g = 2*g + 5*s + 910, g - c = -2*s. Is g a composite number?
True
Suppose -7784*h = -7788*h + 596852. Is h a prime number?
True
Suppose -33*d + 72 = -41*d. Let t(k) = -5*k**3 - 19*k**2 + 14*k + 13. Is t(d) composite?
False
Is (-4)/18*1774131*((-630)/(-28))/(-15) a composite number?
False
Suppose 2005441 = 138*z - 1110185. Is z composite?
True
Let n = -134 + 386. Let z = 559 - n. Is z prime?
True
Is 14/(-6) + (-1845197)/(-51) + 9 a prime number?
True
Let t(x) = x. Let u be t(-2). Let i = 11 - -9. Is (u*(-2942)/i)/(1/5) a prime number?
True
Let y be ((-762)/4)/(-6 - (-40536)/6752). Is (0 + (-9)/18)*y a prime number?
False
Suppose -4*y = -3*c - 74889 - 50342, 0 = -5*y + 5*c + 156540. Is y a prime number?
True
Suppose 533863 = 10*w + 44393. Is w a prime number?
True
Suppose -49 = -3*r - a + 22, 5*a - 30 = -2*r. Let g(b) = b**3 - 17*b**2 + 8*b + 19. Is g(r) a composite number?
True
Let k(b) = -3*b**3 - 155*b**2 - 95. Is k(-52) composite?
False
Suppose 2*y - 5*n = 150251 - 25685, -2*n + 186830 = 3*y. Is y composite?
True
Let r = -126 - -121. Let g be (-10)/4*(0 - (-4)/r). Suppose 0 = -2*z + g*c - 3*c + 2726, -2*z = -5*c - 2702. Is z a prime number?
True
Let l(d) = 2791*d - 5095. Is l(68) prime?
True
Let a = -579 - -587. Suppose 5*h = -7*l + a*l - 2908, l = -h + 2926. Is l prime?
False
Suppose r - 2*r = 2*g - 4809, 2*g + 5*r = 4789. Suppose -4*m + 8485 = -g. Is m composite?
True
Let y(w) = 45*w**2 + 2*w - 20. Let a be y(-6). Let c = 3575 - a. Is c composite?
False
Suppose -3*z - 2*b + 4 = 2*z, 2*z - 2*b = 10. Suppose 0 = -z*a - 4820 + 11506. Is a a prime number?
True
Let a = 238848 - -438575. Is a a prime number?
True
Suppose 11*h - h - 39302 = -8572. Is h a prime number?
False
Let w(a) = -32*a + 41. Let c(f) = 11*f - 14. Let j(l) = 8*c(l) + 3*w(l). Let q be j(-9). Is (q + 0)*(3 - 2) a composite number?
False
Suppose -902*p + 903*p = 4*g + 96097, 0 = -5*p + 5*g + 480545. Is p a composite number?
True
Let y = 42 + -33. Suppose 5*t - y = -2*c, -c + 1 + 6 = 5*t. Suppose -c*k + 245 + 181 = -2*o, 2*o - 828 = -4*k. Is k prime?
False
Suppose 2*t = 3*h - 5752, 2*t + 3 = 5*t. Let p = -965 + h. Is p prime?
True
Suppose -36*k + 175119 = -1799589. Is k prime?
False
Suppose g = -3*l - l - 13, 3*g + 2*l + 69 = 0. Is (-20)/(-8)*-1*30270/g a prime number?
False
Suppose y - 2*r = 0, -2*y + 2*r - 14 = 5*r. Suppose -4*n + 12 = 32. Is -26*((-20)/y)/n composite?
True
Suppose -4*z = -2*q + 5*q, -3*q - 2*z + 6 = 0. Suppose -8 = q*k, -4*c - 3*k - 243 = -9109. Is c a composite number?
True
Suppose -3048811 = -38*q + 3069759. Is q a prime number?
False
Let r(l) = l**3 - 20*l**2 - 15*l + 22. Let a be r(21). Suppose 0 = g - 5*g - a. Let o = g + 122. Is o a prime number?
False
Let m be (0 - (-374)/7) + (-452)/(-791). Let w(g) = g**2 - 1. Let b be w(-1). Suppose 5*n - 551 - m = b. Is n prime?
False
Let t = 180380 - 90429. Is t composite?
True
Is (-24 + (-1541450)/(-60))*6 composite?
False
Is ((-2811748)/(-3))/(-13 - 645/(-45)) a prime number?
True
Let b(x) = 2*x. Let a(i) = 210*i - 13. Let y(w) = a(w) + 5*b(w). Is y(5) composite?
False
Let j(z) be the third derivative of 11*z**5/12 - 11*z**4/24 - z**3/6 - 26*z**2 - z. Is j(5) a prime number?
True
Let t be 25*(97132/80 - (-12)/(-16)). Suppose 2*f = s - t, 5*s - f - 151717 = -5*f. Is s a prime number?
True
Let a(j) = j**3 - 8*j**2 - 2*j - 3. Let t be a(7). Let z = t - -143. Is z a composite number?
True
Let j = 8454 + -4494. Suppose m - 5*p + 388 - j = 0, -2*m - 3*p = -7105. Is m a prime number?
True
Let m(g) = 288*g**3 + 9*g**2 + 22*g - 12. Is m(5) a prime number?
False
Suppose 0 = -3*z - 2*x + 1455013, 314*z + x = 318*z - 1939988. Is z a prime number?
True
Suppose 8*s = -10*s - 18. Let n(c) = -2476*c**3 + 2*c**2 + c. Is n(s) prime?
True
Is -3787*24/(-504)*(-1 + 2*2) a prime number?
True
Let f(l) be the third derivative of 19*l**5/15 + 79*l**4/24 + 47*l**3/6 - 2*l**2 - 2. Is f(-20) a prime number?
True
Let w be ((-87)/9 - -5) + (-8)/(-12). Is 2*(-5)/w - 794960/(-160) prime?
False
Let l(o) = o**3 - 2*o + 755. Let w be l(0). Suppose -16808 - w = -13*i. Is i prime?
False
Let g be 830148/(-39) + 34/(-221). Let s = 34185 + g. Is s a composite number?
False
Is (-3)/(60/(-931772)) + (-54)/(-135) composite?
False
Is (10/70*34 - 5)/((-1)/7532749) composite?
False
Let h(l) = -l**3 - 18*l**2 - 20*l - 51. Let g be h(-17). Suppose g*v - 5*v + 3685 = 4*z, 0 = -z. Is v a prime number?
False
Let l = -21650 + 4985. Let f = l - -31430. Is f a prime number?
False
Let s be (-12)/(-9)*(15/(-6) + 1). Is (2300/12 - s)/(4/12) a composite number?
True
Let r(i) be the second derivative of i**4 + i**3/2 + i**2/2 - 879*i. Let h(t) = 12*t**3 - t**2 + t. Let n be h(1). Is r(n) prime?
False
Let a(v) = 